{"id":520,"date":"2013-07-24T17:43:01","date_gmt":"2013-07-24T15:43:01","guid":{"rendered":"http:\/\/www.laundryequipments.it\/lavamac\/?page_id=520"},"modified":"2013-12-12T11:40:59","modified_gmt":"2013-12-12T10:40:59","slug":"hotel","status":"publish","type":"page","link":"https:\/\/www.laundryequipments.it\/lavamac\/settori-di-impiego\/hotel\/","title":{"rendered":"Hotel &#8211; Alberghi"},"content":{"rendered":"<h2 style=\"text-align: left;\">La pulizia della biancheria e la morbidezza della spugna \u00e8 la prima cosa che il vostro ospite apprezza<\/h2>\n<p>Oggi al Vostro ospite dovete offrire il massimo della professionalit\u00e0.<br \/>\nLa gestione della lavanderia interna con il controllo della qualit\u00e0, sulla biancheria e soprattutto delle spugne, \u00e8 sicuramente un ulteriore accorgimento professionale nei confronti dei Vostri ospiti.<\/p>\n<p><img decoding=\"async\" loading=\"lazy\" class=\"wp-image-1398 alignnone\" style=\"text-align: center;\" alt=\"\" src=\"https:\/\/www.laundryequipments.it\/lavamac\/wp-content\/uploads\/2922381.jpg\" width=\"175\" height=\"175\" \/><\/p>\n<p>L&#8217;approccio per \u00a0 avere una lavanderia interna \u00e8 il lavaggio delle spugne, il poter offrire al Vostro cliente le spugne pulite, morbide e\u00a0profumate per la camera, la SPA o piscina \u00e8 sicuramente un servizio che Vi contraddistingue, e far\u00e0 apprezzare ulteriormente il soggiorno da Voi offerto.<\/p>\n<h3><span style=\"color: #000000; font-size: 1.17em;\">I Vantaggi di una lavanderia interna:<\/span><\/h3>\n<ul>\n<li>Possibilit\u00e0 di spugne personalizzate da lavare internamente sempre pronte e morbide<\/li>\n<li>Veloce ritorno dell&#8217;investimento<\/li>\n<li>Poco spazio di ingombro<\/li>\n<li>Migliore qualit\u00e0 di lavaggio<\/li>\n<li>Programmi dedicati, per una pi\u00f9 lunga durata della biancheria<\/li>\n<\/ul>\n<p>&nbsp;<\/p>\n<p>&nbsp;<\/p>\n<p><img decoding=\"async\" loading=\"lazy\" class=\"wp-image-1424 aligncenter\" alt=\"Immagine1-2\" src=\"https:\/\/www.laundryequipments.it\/lavamac\/wp-content\/uploads\/Immagine1-2.jpg\" width=\"184\" height=\"281\" srcset=\"https:\/\/www.laundryequipments.it\/lavamac\/wp-content\/uploads\/Immagine1-2.jpg 263w, https:\/\/www.laundryequipments.it\/lavamac\/wp-content\/uploads\/Immagine1-2-196x300.jpg 196w\" sizes=\"(max-width: 184px) 100vw, 184px\" \/><\/p>\n<p>Esempi di configurazione lavanderia interna:<\/p>\n<h5>\u00a0Hotel con 30 letti<\/h5>\n<ul>\n<li>Lavatrice\u00a0<a title=\"Lavatrici  \u2013 SERIE LA e LAC\" href=\"https:\/\/www.laundryequipments.it\/lavamac\/prodotti\/lavatrici\/lavatrici-professionali\/lavatrici-serie-la\/\"><strong>LA 75<\/strong><\/a><\/li>\n<li>Essiccatoio \u00a0<a title=\"Essiccatoio rotativo \u2013 SERIE LS\" href=\"https:\/\/www.laundryequipments.it\/lavamac\/prodotti\/essiccatori\/essiccatore-rotativo-serie-ls\/\"><strong>LS 195<\/strong><\/a><\/li>\n<li>Stiratrice a rullo\u00a0<strong><a title=\"Stiratrici a rullo \u2013 SERIE S\" href=\"https:\/\/www.laundryequipments.it\/lavamac\/prodotti\/stiratrici-a-rullo\/stiratrici-a-rullo\/\">S 140<\/a><\/strong><\/li>\n<\/ul>\n<h5>Hotel 60 letti<\/h5>\n<ul>\n<li>Lavatrice \u00a0<a title=\"Lavatrici supercentrifuganti \u2013 SERIE AF\" href=\"https:\/\/www.laundryequipments.it\/lavamac\/prodotti\/lavatrici\/lavatrici-supercentrifuganti\/lavatrici-supercentrifuganti-serie-af\/\"><strong>AF 135<\/strong><\/a><\/li>\n<li>Essiccatoio \u00a0<a title=\"Essiccatoio rotativo \u2013 SERIE LS\" href=\"https:\/\/www.laundryequipments.it\/lavamac\/prodotti\/essiccatori\/essiccatore-rotativo-serie-ls\/\"><strong>LS 300<\/strong><\/a><\/li>\n<li>Stiratrice a rullo\u00a0<strong><a title=\"Stiratrici a rullo \u2013 SERIE S\" href=\"https:\/\/www.laundryequipments.it\/lavamac\/prodotti\/stiratrici-a-rullo\/stiratrici-a-rullo\/\">S 140<\/a><\/strong><\/li>\n<\/ul>\n<h5>Hotel 80 letti<\/h5>\n<ul>\n<li>Lavatrice \u00a0<strong><a title=\"Lavatrici supercentrifuganti \u2013 SERIE AF\" href=\"https:\/\/www.laundryequipments.it\/lavamac\/prodotti\/lavatrici\/lavatrici-supercentrifuganti\/lavatrici-supercentrifuganti-serie-af\/\">AF 180<\/a><\/strong><\/li>\n<li>Essiccatoio\u00a0<strong><a title=\"Essiccatoio rotativo \u2013 SERIE LS\" href=\"https:\/\/www.laundryequipments.it\/lavamac\/prodotti\/essiccatori\/essiccatore-rotativo-serie-ls\/\">LS 350<\/a><\/strong><\/li>\n<li>Calandra <strong><a title=\"Stiratrici autoasciuganti \u2013 SERIE LSR 33\" href=\"https:\/\/www.laundryequipments.it\/lavamac\/prodotti\/stiratrici-a-rullo\/calndrea-autoasciuganti-lsr33\/\">LSR 33-16<\/a><\/strong><a title=\"Stiratrici autoasciuganti \u2013 SERIE I 33\" href=\"https:\/\/www.laundryequipments.it\/lavamac\/prodotti\/stiratrici-a-rullo\/calndrea-autoasciuganti\/\"><strong><br \/>\n<\/strong><\/a><\/li>\n<\/ul>\n<p>&nbsp;<\/p>\n<p>Siamo disponibili a effettuare sopralluoghi senza impegno.<br \/>\nPossibilit\u00e0 anche di noleggi con la nostra formula\u00a0<a title=\"Laundryrent.it\" href=\"http:\/\/www.laundryrent.it\/\" target=\"_blank\">Laundryrent.it<\/a><\/p>\n<p>&nbsp;<\/p>\n<p>hotel, alberghi, agriturismi, spa.<\/p>\n<p>&nbsp;<\/p>\n<p>&nbsp;<\/p>\n<!-- AddThis Advanced Settings generic via filter on the_content -->","protected":false},"excerpt":{"rendered":"<p>La pulizia della biancheria e la morbidezza della spugna \u00e8 la prima cosa che il vostro ospite apprezza Oggi al Vostro ospite dovete offrire il massimo della professionalit\u00e0. La gestione della lavanderia interna con il controllo della qualit\u00e0, sulla biancheria e soprattutto delle spugne, \u00e8 sicuramente un ulteriore accorgimento professionale nei confronti dei Vostri ospiti. &#8230;<a class=\"post-readmore\" href=\"https:\/\/www.laundryequipments.it\/lavamac\/settori-di-impiego\/hotel\/\">read more<\/a><!-- AddThis Advanced Settings generic via filter on wp_trim_excerpt --><\/p>\n","protected":false},"author":1,"featured_media":0,"parent":335,"menu_order":1,"comment_status":"closed","ping_status":"closed","template":"","meta":[],"_links":{"self":[{"href":"https:\/\/www.laundryequipments.it\/lavamac\/wp-json\/wp\/v2\/pages\/520"}],"collection":[{"href":"https:\/\/www.laundryequipments.it\/lavamac\/wp-json\/wp\/v2\/pages"}],"about":[{"href":"https:\/\/www.laundryequipments.it\/lavamac\/wp-json\/wp\/v2\/types\/page"}],"author":[{"embeddable":true,"href":"https:\/\/www.laundryequipments.it\/lavamac\/wp-json\/wp\/v2\/users\/1"}],"replies":[{"embeddable":true,"href":"https:\/\/www.laundryequipments.it\/lavamac\/wp-json\/wp\/v2\/comments?post=520"}],"version-history":[{"count":85,"href":"https:\/\/www.laundryequipments.it\/lavamac\/wp-json\/wp\/v2\/pages\/520\/revisions"}],"predecessor-version":[{"id":2292,"href":"https:\/\/www.laundryequipments.it\/lavamac\/wp-json\/wp\/v2\/pages\/520\/revisions\/2292"}],"up":[{"embeddable":true,"href":"https:\/\/www.laundryequipments.it\/lavamac\/wp-json\/wp\/v2\/pages\/335"}],"wp:attachment":[{"href":"https:\/\/www.laundryequipments.it\/lavamac\/wp-json\/wp\/v2\/media?parent=520"}],"curies":[{"name":"wp","href":"https:\/\/api.w.org\/{rel}","templated":true}]}}