{"id":532,"date":"2013-07-24T17:54:44","date_gmt":"2013-07-24T15:54:44","guid":{"rendered":"http:\/\/www.laundryequipments.it\/lavamac\/?page_id=532"},"modified":"2013-12-12T11:45:27","modified_gmt":"2013-12-12T10:45:27","slug":"universitaostelli","status":"publish","type":"page","link":"https:\/\/www.laundryequipments.it\/lavamac\/settori-di-impiego\/universitaostelli\/","title":{"rendered":"Universit\u00e0\/Ostelli"},"content":{"rendered":"<h2>Lavanderia centralizzata con sistema di pagamento per Universit\u00e0 e Ostelli<\/h2>\n<p>La presenza della lavanderia all&#8217;interno delle Universit\u00e0 o degli ostelli \u00e8 ormai un servizio consolidato e molto apprezzato.<br \/>\nIl poter lavare e asciugare senza limiti di orari \u00e8 una comodit\u00e0 irrinunciabile per lo studente o l&#8217;ospite dell&#8217;ostello.<\/p>\n<p>La linea completa di lavatrici \u00a0professionali copre le esigenze di questo mercato, sia con le lavatrice che gli essiccatoi dai 6 kg (<a title=\"Lavatrice LSC 65\" href=\"https:\/\/www.laundryequipments.it\/lavamac\/prodotti\/lavatrici\/lavatrici-professionali\/lavatrice-industriale-sc-65\/\"><strong>LSC 65<\/strong><\/a>) ai 10 kg (<strong><a title=\"Lavatrice SP 105\" href=\"https:\/\/www.laundryequipments.it\/lavamac\/prodotti\/lavatrici\/lavatrici-professionali\/lavatrice-sp-105\/\">SP 105<\/a><\/strong>) , con la possibilit\u00e0 anche di un sistema a colonna per risparmiare spazio.<br \/>\nQueste configurazioni sono l&#8217;ottimo compromesso perch\u00e9 la struttura ricettiva dia un servizio di ottimo livello.<\/p>\n<p>Le macchine possono essere con voltaggio 220\/380, scarico con pompa e di facile utilizzo, tutti accorgimenti per una clientela che necessit\u00e0 di un servizio di qualit\u00e0 e professionale con ottimi risultati di lavaggio ed asciugatura.<\/p>\n<p>Esiste anche la possibilit\u00e0 di formule personalizzate come il noleggio con il nostro sistema <strong><a title=\"Laundryrent.it\" href=\"http:\/\/www.laundryrent.it\/\" target=\"_blank\">Laundryrent.it<\/a><\/strong><\/p>\n<p>&nbsp;<\/p>\n<p>lavanderia interna per ostelli e universit\u00e0, self service versione coin, sistemi di pagamento<\/p>\n<!-- AddThis Advanced Settings generic via filter on the_content -->","protected":false},"excerpt":{"rendered":"<p>Lavanderia centralizzata con sistema di pagamento per Universit\u00e0 e Ostelli La presenza della lavanderia all&#8217;interno delle Universit\u00e0 o degli ostelli \u00e8 ormai un servizio consolidato e molto apprezzato. Il poter lavare e asciugare senza limiti di orari \u00e8 una comodit\u00e0 irrinunciabile per lo studente o l&#8217;ospite dell&#8217;ostello. La linea completa di lavatrici \u00a0professionali copre le &#8230;<a class=\"post-readmore\" href=\"https:\/\/www.laundryequipments.it\/lavamac\/settori-di-impiego\/universitaostelli\/\">read more<\/a><!-- AddThis Advanced Settings generic via filter on wp_trim_excerpt --><\/p>\n","protected":false},"author":1,"featured_media":0,"parent":335,"menu_order":7,"comment_status":"closed","ping_status":"open","template":"","meta":[],"_links":{"self":[{"href":"https:\/\/www.laundryequipments.it\/lavamac\/wp-json\/wp\/v2\/pages\/532"}],"collection":[{"href":"https:\/\/www.laundryequipments.it\/lavamac\/wp-json\/wp\/v2\/pages"}],"about":[{"href":"https:\/\/www.laundryequipments.it\/lavamac\/wp-json\/wp\/v2\/types\/page"}],"author":[{"embeddable":true,"href":"https:\/\/www.laundryequipments.it\/lavamac\/wp-json\/wp\/v2\/users\/1"}],"replies":[{"embeddable":true,"href":"https:\/\/www.laundryequipments.it\/lavamac\/wp-json\/wp\/v2\/comments?post=532"}],"version-history":[{"count":17,"href":"https:\/\/www.laundryequipments.it\/lavamac\/wp-json\/wp\/v2\/pages\/532\/revisions"}],"predecessor-version":[{"id":2298,"href":"https:\/\/www.laundryequipments.it\/lavamac\/wp-json\/wp\/v2\/pages\/532\/revisions\/2298"}],"up":[{"embeddable":true,"href":"https:\/\/www.laundryequipments.it\/lavamac\/wp-json\/wp\/v2\/pages\/335"}],"wp:attachment":[{"href":"https:\/\/www.laundryequipments.it\/lavamac\/wp-json\/wp\/v2\/media?parent=532"}],"curies":[{"name":"wp","href":"https:\/\/api.w.org\/{rel}","templated":true}]}}